[Sat Feb 21 11:14:24.133525 2026] [security2:error] [pid 1926783:tid 1926783] [client 74.7.227.23:0] ModSecurity: collections_remove_stale: Failed to access DBM file "/var/cpanel/secdatadir/oneboxpk-global": Permission denied [hostname "www.akcpa.onebox.pk"] [uri "/cgi-sys/ea-php83/d19b7f/index.php"] [unique_id "aZlNQMM5vNyyeo5gKbcTsgAAAAc"], referer: https://www.akcpa.onebox.pk/d19b7f/?path=%2F%2Fproc%2Fself%2Froot%2Fsys%2Fbus%2Fpci%2Fdrivers%2Fpiix4_smbus%2F0000%3A00%3A01.3%2Fsubsystem%2Fdevices%2F0000%3A00%3A01.3%2Fdriver%2F0000%3A00%3A01.3%2Fi2c-0%2Fdevice%2Fsubsystem%2Fdevices%2F0000%3A00%3A12.0%2Fdriver%2F0000%3A00%3A03.0%2Fdriver%2F0000%3A00%3A05.0%2Fvirtio1%2Fhost2%2Ftarget2%3A0%3A0%2F2%3A0%3A0%3A0%2Fblock%2Fsda%2Fdevice%2Fdriver%2F2%3A0%3A0%3A0%2Fscsi_generic%2Fsg0%2Fdevice%2Fbsg%2F2%3A0%3A0%3A0%2Fdevice%2Fscsi_disk%2F2%3A0%3A0%3A0%2Fdevice%2Fdriver%2F2%3A0%3A0%3A0%2Fblock%2Fsda%2Fsda1%2Fsubsystem%2Floop3%2Fsubsystem%2Fsda1%2Fsubsystem%2Floop6%2Fsubsystem%2Floop3%2Fmq%2F0
[Sat Feb 21 11:14:24.133625 2026] [security2:error] [pid 1926783:tid 1926783] [client 74.7.227.23:0] ModSecurity: collections_remove_stale: Failed to access DBM file "/var/cpanel/secdatadir/oneboxpk-ip": Permission denied [hostname "www.akcpa.onebox.pk"] [uri "/cgi-sys/ea-php83/d19b7f/index.php"] [unique_id "aZlNQMM5vNyyeo5gKbcTsgAAAAc"], referer: https://www.akcpa.onebox.pk/d19b7f/?path=%2F%2Fproc%2Fself%2Froot%2Fsys%2Fbus%2Fpci%2Fdrivers%2Fpiix4_smbus%2F0000%3A00%3A01.3%2Fsubsystem%2Fdevices%2F0000%3A00%3A01.3%2Fdriver%2F0000%3A00%3A01.3%2Fi2c-0%2Fdevice%2Fsubsystem%2Fdevices%2F0000%3A00%3A12.0%2Fdriver%2F0000%3A00%3A03.0%2Fdriver%2F0000%3A00%3A05.0%2Fvirtio1%2Fhost2%2Ftarget2%3A0%3A0%2F2%3A0%3A0%3A0%2Fblock%2Fsda%2Fdevice%2Fdriver%2F2%3A0%3A0%3A0%2Fscsi_generic%2Fsg0%2Fdevice%2Fbsg%2F2%3A0%3A0%3A0%2Fdevice%2Fscsi_disk%2F2%3A0%3A0%3A0%2Fdevice%2Fdriver%2F2%3A0%3A0%3A0%2Fblock%2Fsda%2Fsda1%2Fsubsystem%2Floop3%2Fsubsystem%2Fsda1%2Fsubsystem%2Floop6%2Fsubsystem%2Floop3%2Fmq%2F0
[Sat Feb 21 11:14:27.871217 2026] [security2:error] [pid 1940612:tid 1940612] [client 185.177.72.13:0] ModSecurity: Warning. Matched phrase "/.env" at REQUEST_FILENAME. [file "/etc/apache2/conf.d/modsec_vendor_configs/OWASP3/rules/REQUEST-930-APPLICATION-ATTACK-LFI.conf"] [line "49"] [id "930130"] [rev "1"] [msg "Restricted File Access Attempt"] [data "Matched Data: /.env found within REQUEST_FILENAME: /xx-final/vue-heroes/.env"] [severity "CRITICAL"] [ver "OWASP_CRS/3.0.0"] [maturity "7"] [accuracy "8"] [tag "application-multi"] [tag "language-multi"] [tag "platform-multi"] [tag "attack-lfi"] [tag "OWASP_CRS/WEB_ATTACK/FILE_INJECTION"] [tag "WASCTC/WASC-33"] [tag "OWASP_TOP_10/A4"] [tag "PCI/6.5.4"] [hostname "arcticairandrefrigeration.com"] [uri "/xx-final/vue-heroes/.env"] [unique_id "aZlNQ92_qyx-0h__vX2f_AAAAAA"]
[Sat Feb 21 11:14:30.479171 2026] [security2:error] [pid 1941889:tid 1941889] [client 185.177.72.13:0] ModSecurity: Warning. Matched phrase "/.env" at REQUEST_FILENAME. [file "/etc/apache2/conf.d/modsec_vendor_configs/OWASP3/rules/REQUEST-930-APPLICATION-ATTACK-LFI.conf"] [line "49"] [id "930130"] [rev "1"] [msg "Restricted File Access Attempt"] [data "Matched Data: /.env found within REQUEST_FILENAME: /zmusic-frontend/.env"] [severity "CRITICAL"] [ver "OWASP_CRS/3.0.0"] [maturity "7"] [accuracy "8"] [tag "application-multi"] [tag "language-multi"] [tag "platform-multi"] [tag "attack-lfi"] [tag "OWASP_CRS/WEB_ATTACK/FILE_INJECTION"] [tag "WASCTC/WASC-33"] [tag "OWASP_TOP_10/A4"] [tag "PCI/6.5.4"] [hostname "arcticairandrefrigeration.com"] [uri "/zmusic-frontend/.env"] [unique_id "aZlNRkyv4hZiX9Y80XW_0AAAAAk"]
[Sat Feb 21 11:14:31.522464 2026] [access_compat:error] [pid 1935147:tid 1935147] [client 72.211.46.124:0] AH01797: client denied by server configuration: /home/rentacarkarachi/public_html/wp-admin/plugin-install.php
[Sat Feb 21 11:14:31.910695 2026] [security2:error] [pid 1926602:tid 1926602] [client 185.177.72.13:0] ModSecurity: Warning. Matched phrase "/.env" at REQUEST_FILENAME. [file "/etc/apache2/conf.d/modsec_vendor_configs/OWASP3/rules/REQUEST-930-APPLICATION-ATTACK-LFI.conf"] [line "49"] [id "930130"] [rev "1"] [msg "Restricted File Access Attempt"] [data "Matched Data: /.env found within REQUEST_FILENAME: /:443/.env"] [severity "CRITICAL"] [ver "OWASP_CRS/3.0.0"] [maturity "7"] [accuracy "8"] [tag "application-multi"] [tag "language-multi"] [tag "platform-multi"] [tag "attack-lfi"] [tag "OWASP_CRS/WEB_ATTACK/FILE_INJECTION"] [tag "WASCTC/WASC-33"] [tag "OWASP_TOP_10/A4"] [tag "PCI/6.5.4"] [hostname "arcticairandrefrigeration.com"] [uri "/:443/.env"] [unique_id "aZlNRxHl2U-jS0ZSEvYCVwAAAAM"]
[Sat Feb 21 11:14:33.213847 2026] [security2:error] [pid 1941889:tid 1941889] [client 185.177.72.13:0] ModSecurity: Warning. Matched phrase "/.env" at REQUEST_FILENAME. [file "/etc/apache2/conf.d/modsec_vendor_configs/OWASP3/rules/REQUEST-930-APPLICATION-ATTACK-LFI.conf"] [line "49"] [id "930130"] [rev "1"] [msg "Restricted File Access Attempt"] [data "Matched Data: /.env found within REQUEST_FILENAME: /:80/.env"] [severity "CRITICAL"] [ver "OWASP_CRS/3.0.0"] [maturity "7"] [accuracy "8"] [tag "application-multi"] [tag "language-multi"] [tag "platform-multi"] [tag "attack-lfi"] [tag "OWASP_CRS/WEB_ATTACK/FILE_INJECTION"] [tag "WASCTC/WASC-33"] [tag "OWASP_TOP_10/A4"] [tag "PCI/6.5.4"] [hostname "arcticairandrefrigeration.com"] [uri "/:80/.env"] [unique_id "aZlNSUyv4hZiX9Y80XW_0QAAAAk"]
[Sat Feb 21 11:14:34.578187 2026] [security2:error] [pid 1931467:tid 1931467] [client 185.177.72.13:0] ModSecurity: Warning. Matched phrase "/.env" at REQUEST_FILENAME. [file "/etc/apache2/conf.d/modsec_vendor_configs/OWASP3/rules/REQUEST-930-APPLICATION-ATTACK-LFI.conf"] [line "49"] [id "930130"] [rev "1"] [msg "Restricted File Access Attempt"] [data "Matched Data: /.env found within REQUEST_FILENAME: /:8080/.env"] [severity "CRITICAL"] [ver "OWASP_CRS/3.0.0"] [maturity "7"] [accuracy "8"] [tag "application-multi"] [tag "language-multi"] [tag "platform-multi"] [tag "attack-lfi"] [tag "OWASP_CRS/WEB_ATTACK/FILE_INJECTION"] [tag "WASCTC/WASC-33"] [tag "OWASP_TOP_10/A4"] [tag "PCI/6.5.4"] [hostname "arcticairandrefrigeration.com"] [uri "/:8080/.env"] [unique_id "aZlNSoXWYBQ8sX5nXL9fXwAAAAQ"]
[Sat Feb 21 11:14:35.940323 2026] [security2:error] [pid 1926602:tid 1926602] [client 185.177.72.13:0] ModSecurity: Warning. Matched phrase "/.env" at REQUEST_FILENAME. [file "/etc/apache2/conf.d/modsec_vendor_configs/OWASP3/rules/REQUEST-930-APPLICATION-ATTACK-LFI.conf"] [line "49"] [id "930130"] [rev "1"] [msg "Restricted File Access Attempt"] [data "Matched Data: /.env found within REQUEST_FILENAME: /:8081/.env"] [severity "CRITICAL"] [ver "OWASP_CRS/3.0.0"] [maturity "7"] [accuracy "8"] [tag "application-multi"] [tag "language-multi"] [tag "platform-multi"] [tag "attack-lfi"] [tag "OWASP_CRS/WEB_ATTACK/FILE_INJECTION"] [tag "WASCTC/WASC-33"] [tag "OWASP_TOP_10/A4"] [tag "PCI/6.5.4"] [hostname "arcticairandrefrigeration.com"] [uri "/:8081/.env"] [unique_id "aZlNSxHl2U-jS0ZSEvYCWQAAAAM"]
[Sat Feb 21 11:14:37.300271 2026] [security2:error] [pid 1926596:tid 1926596] [client 185.177.72.13:0] ModSecurity: Warning. Matched phrase "/.env" at REQUEST_FILENAME. [file "/etc/apache2/conf.d/modsec_vendor_configs/OWASP3/rules/REQUEST-930-APPLICATION-ATTACK-LFI.conf"] [line "49"] [id "930130"] [rev "1"] [msg "Restricted File Access Attempt"] [data "Matched Data: /.env found within REQUEST_FILENAME: /:8443/.env"] [severity "CRITICAL"] [ver "OWASP_CRS/3.0.0"] [maturity "7"] [accuracy "8"] [tag "application-multi"] [tag "language-multi"] [tag "platform-multi"] [tag "attack-lfi"] [tag "OWASP_CRS/WEB_ATTACK/FILE_INJECTION"] [tag "WASCTC/WASC-33"] [tag "OWASP_TOP_10/A4"] [tag "PCI/6.5.4"] [hostname "arcticairandrefrigeration.com"] [uri "/:8443/.env"] [unique_id "aZlNTUjxORN6mSk10kZArgAAAAE"]
[Sat Feb 21 11:14:38.519189 2026] [security2:error] [pid 1933844:tid 1933844] [client 185.177.72.13:0] ModSecurity: Warning. Matched phrase "/.env" at REQUEST_FILENAME. [file "/etc/apache2/conf.d/modsec_vendor_configs/OWASP3/rules/REQUEST-930-APPLICATION-ATTACK-LFI.conf"] [line "49"] [id "930130"] [rev "1"] [msg "Restricted File Access Attempt"] [data "Matched Data: /.env found within REQUEST_FILENAME: /sendgrid_email/.env"] [severity "CRITICAL"] [ver "OWASP_CRS/3.0.0"] [maturity "7"] [accuracy "8"] [tag "application-multi"] [tag "language-multi"] [tag "platform-multi"] [tag "attack-lfi"] [tag "OWASP_CRS/WEB_ATTACK/FILE_INJECTION"] [tag "WASCTC/WASC-33"] [tag "OWASP_TOP_10/A4"] [tag "PCI/6.5.4"] [hostname "arcticairandrefrigeration.com"] [uri "/sendgrid_email/.env"] [unique_id "aZlNTmoVyMVcfJ9uH8akWwAAAAg"]
[Sat Feb 21 11:14:39.772370 2026] [security2:error] [pid 1926783:tid 1926783] [client 185.177.72.13:0] ModSecurity: Warning. Matched phrase "/.env" at REQUEST_FILENAME. [file "/etc/apache2/conf.d/modsec_vendor_configs/OWASP3/rules/REQUEST-930-APPLICATION-ATTACK-LFI.conf"] [line "49"] [id "930130"] [rev "1"] [msg "Restricted File Access Attempt"] [data "Matched Data: /.env found within REQUEST_FILENAME: /.env.sendgrid"] [severity "CRITICAL"] [ver "OWASP_CRS/3.0.0"] [maturity "7"] [accuracy "8"] [tag "application-multi"] [tag "language-multi"] [tag "platform-multi"] [tag "attack-lfi"] [tag "OWASP_CRS/WEB_ATTACK/FILE_INJECTION"] [tag "WASCTC/WASC-33"] [tag "OWASP_TOP_10/A4"] [tag "PCI/6.5.4"] [hostname "arcticairandrefrigeration.com"] [uri "/.env.sendgrid"] [unique_id "aZlNT8M5vNyyeo5gKbcTvAAAAAc"]
[Sat Feb 21 11:14:51.698877 2026] [core:warn] [pid 2503394:tid 2503394] (101)Network is unreachable: AH00056: connect to listener on [::]:444
[Sat Feb 21 11:15:04.714848 2026] [security2:error] [pid 1935147:tid 1935147] [client 65.52.160.249:0] ModSecurity: collections_remove_stale: Failed to access DBM file "/var/cpanel/secdatadir/hawkzhao-global": Permission denied [hostname "hawk-zhaotong.info"] [uri "/wp-includes/pomo/about.php"] [unique_id "aZlNaF7N2x2Af1vETfMlEgAAAAU"]
[Sat Feb 21 11:15:04.714926 2026] [security2:error] [pid 1935147:tid 1935147] [client 65.52.160.249:0] ModSecurity: collections_remove_stale: Failed to access DBM file "/var/cpanel/secdatadir/hawkzhao-ip": Permission denied [hostname "hawk-zhaotong.info"] [uri "/wp-includes/pomo/about.php"] [unique_id "aZlNaF7N2x2Af1vETfMlEgAAAAU"]
[Sat Feb 21 11:15:09.712971 2026] [security2:error] [pid 1942097:tid 1942097] [client 65.52.160.249:0] ModSecurity: collections_remove_stale: Failed to access DBM file "/var/cpanel/secdatadir/hawkzhao-global": Permission denied [hostname "hawk-zhaotong.info"] [uri "/cgi-bin/index.php"] [unique_id "aZlNbYZy3zgfuTKkxEXiLgAAAAs"]
[Sat Feb 21 11:15:09.713046 2026] [security2:error] [pid 1942097:tid 1942097] [client 65.52.160.249:0] ModSecurity: collections_remove_stale: Failed to access DBM file "/var/cpanel/secdatadir/hawkzhao-ip": Permission denied [hostname "hawk-zhaotong.info"] [uri "/cgi-bin/index.php"] [unique_id "aZlNbYZy3zgfuTKkxEXiLgAAAAs"]
[Sat Feb 21 11:15:10.458133 2026] [proxy_fcgi:error] [pid 1926783:tid 1926783] [client 49.43.155.175:0] AH01071: Got error 'Primary script unknown'
[Sat Feb 21 11:15:10.717675 2026] [core:warn] [pid 2503394:tid 2503394] (101)Network is unreachable: AH00056: connect to listener on [::]:444
[Sat Feb 21 11:15:16.452973 2026] [security2:error] [pid 1942097:tid 1942097] [client 74.7.227.180:0] ModSecurity: collections_remove_stale: Failed to access DBM file "/var/cpanel/secdatadir/oneboxpk-global": Permission denied [hostname "akcpa.onebox.pk"] [uri "/cgi-sys/ea-php83/d19b7f/index.php"] [unique_id "aZlNdIZy3zgfuTKkxEXiMgAAAAs"], referer: https://akcpa.onebox.pk/d19b7f/?path=%2F%2Fproc%2Fself%2Froot%2Fsys%2Fbus%2Fpci%2Fdrivers%2Fpiix4_smbus%2F0000%3A00%3A01.3%2Fsubsystem%2Fdevices%2F0000%3A00%3A01.3%2Fdriver%2F0000%3A00%3A01.3%2Fdriver%2F0000%3A00%3A01.3%2Fi2c-0%2Fdevice%2Fdriver%2F0000%3A00%3A01.3%2Fi2c-0%2Fdevice%2Fsubsystem%2Fdevices%2F0000%3A00%3A05.0%2Fvirtio1%2Fhost2%2Ftarget2%3A0%3A0%2F2%3A0%3A0%3A0%2Fgeneric%2Fdevice%2Fbsg%2F2%3A0%3A0%3A0%2Fdevice%2Fgeneric%2Fdevice%2Fscsi_disk%2F2%3A0%3A0%3A0%2Fdevice%2Fdriver%2F2%3A0%3A0%3A0%2Fdriver%2F2%3A0%3A0%3A0%2Fblock%2Fsda%2Fsubsystem%2Floop1%2Fbdi%2Fsubsystem%2F7%3A1%2Fsubsystem%2F7%3A2%2Fsubsystem
[Sat Feb 21 11:15:16.453120 2026] [security2:error] [pid 1942097:tid 1942097] [client 74.7.227.180:0] ModSecurity: collections_remove_stale: Failed to access DBM file "/var/cpanel/secdatadir/oneboxpk-ip": Permission denied [hostname "akcpa.onebox.pk"] [uri "/cgi-sys/ea-php83/d19b7f/index.php"] [unique_id "aZlNdIZy3zgfuTKkxEXiMgAAAAs"], referer: https://akcpa.onebox.pk/d19b7f/?path=%2F%2Fproc%2Fself%2Froot%2Fsys%2Fbus%2Fpci%2Fdrivers%2Fpiix4_smbus%2F0000%3A00%3A01.3%2Fsubsystem%2Fdevices%2F0000%3A00%3A01.3%2Fdriver%2F0000%3A00%3A01.3%2Fdriver%2F0000%3A00%3A01.3%2Fi2c-0%2Fdevice%2Fdriver%2F0000%3A00%3A01.3%2Fi2c-0%2Fdevice%2Fsubsystem%2Fdevices%2F0000%3A00%3A05.0%2Fvirtio1%2Fhost2%2Ftarget2%3A0%3A0%2F2%3A0%3A0%3A0%2Fgeneric%2Fdevice%2Fbsg%2F2%3A0%3A0%3A0%2Fdevice%2Fgeneric%2Fdevice%2Fscsi_disk%2F2%3A0%3A0%3A0%2Fdevice%2Fdriver%2F2%3A0%3A0%3A0%2Fdriver%2F2%3A0%3A0%3A0%2Fblock%2Fsda%2Fsubsystem%2Floop1%2Fbdi%2Fsubsystem%2F7%3A1%2Fsubsystem%2F7%3A2%2Fsubsystem
[Sat Feb 21 11:15:20.642939 2026] [security2:error] [pid 1941889:tid 1941889] [client 74.7.227.180:0] ModSecurity: collections_remove_stale: Failed to access DBM file "/var/cpanel/secdatadir/oneboxpk-global": Permission denied [hostname "akcpa.onebox.pk"] [uri "/cgi-sys/ea-php83/d19b7f/index.php"] [unique_id "aZlNeEyv4hZiX9Y80XW_8wAAAAk"], referer: https://akcpa.onebox.pk/d19b7f/?path=%2F%2Fproc%2Fself%2Froot%2Fsys%2Fbus%2Fpci%2Fdrivers%2Fpiix4_smbus%2F0000%3A00%3A01.3%2Fsubsystem%2Fdevices%2F0000%3A00%3A01.3%2Fdriver%2F0000%3A00%3A01.3%2Fdriver%2F0000%3A00%3A01.3%2Fi2c-0%2Fdevice%2Fdriver%2F0000%3A00%3A01.3%2Fi2c-0%2Fdevice%2Fsubsystem%2Fdevices%2F0000%3A00%3A05.0%2Fvirtio1%2Fhost2%2Ftarget2%3A0%3A0%2F2%3A0%3A0%3A0%2Fgeneric%2Fdevice%2Fbsg%2F2%3A0%3A0%3A0%2Fdevice%2Fgeneric%2Fdevice%2Fscsi_disk%2F2%3A0%3A0%3A0%2Fdevice%2Fdriver%2F2%3A0%3A0%3A0%2Fdriver%2F2%3A0%3A0%3A0%2Fblock%2Fsda%2Fsubsystem%2Floop3%2Fbdi%2Fsubsystem%2F7%3A1%2Fsubsystem%2F7%3A3%2Fsubsystem
[Sat Feb 21 11:15:20.643013 2026] [security2:error] [pid 1941889:tid 1941889] [client 74.7.227.180:0] ModSecurity: collections_remove_stale: Failed to access DBM file "/var/cpanel/secdatadir/oneboxpk-ip": Permission denied [hostname "akcpa.onebox.pk"] [uri "/cgi-sys/ea-php83/d19b7f/index.php"] [unique_id "aZlNeEyv4hZiX9Y80XW_8wAAAAk"], referer: https://akcpa.onebox.pk/d19b7f/?path=%2F%2Fproc%2Fself%2Froot%2Fsys%2Fbus%2Fpci%2Fdrivers%2Fpiix4_smbus%2F0000%3A00%3A01.3%2Fsubsystem%2Fdevices%2F0000%3A00%3A01.3%2Fdriver%2F0000%3A00%3A01.3%2Fdriver%2F0000%3A00%3A01.3%2Fi2c-0%2Fdevice%2Fdriver%2F0000%3A00%3A01.3%2Fi2c-0%2Fdevice%2Fsubsystem%2Fdevices%2F0000%3A00%3A05.0%2Fvirtio1%2Fhost2%2Ftarget2%3A0%3A0%2F2%3A0%3A0%3A0%2Fgeneric%2Fdevice%2Fbsg%2F2%3A0%3A0%3A0%2Fdevice%2Fgeneric%2Fdevice%2Fscsi_disk%2F2%3A0%3A0%3A0%2Fdevice%2Fdriver%2F2%3A0%3A0%3A0%2Fdriver%2F2%3A0%3A0%3A0%2Fblock%2Fsda%2Fsubsystem%2Floop3%2Fbdi%2Fsubsystem%2F7%3A1%2Fsubsystem%2F7%3A3%2Fsubsystem
[Sat Feb 21 11:15:26.915608 2026] [security2:error] [pid 1933844:tid 1933844] [client 74.7.227.23:0] ModSecurity: collections_remove_stale: Failed to access DBM file "/var/cpanel/secdatadir/oneboxpk-global": Permission denied [hostname "www.akcpa.onebox.pk"] [uri "/cgi-sys/ea-php83/d19b7f/index.php"] [unique_id "aZlNfmoVyMVcfJ9uH8akfwAAAAg"], referer: https://www.akcpa.onebox.pk/d19b7f/?path=%2F%2Fproc%2Fself%2Froot%2Fsys%2Fbus%2Fpci%2Fdrivers%2Fpiix4_smbus%2F0000%3A00%3A01.3%2Fsubsystem%2Fdevices%2F0000%3A00%3A01.3%2Fdriver%2F0000%3A00%3A01.3%2Fi2c-0%2Fdevice%2Fsubsystem%2Fdevices%2F0000%3A00%3A12.0%2Fdriver%2F0000%3A00%3A03.0%2Fdriver%2F0000%3A00%3A05.0%2Fvirtio1%2Fhost2%2Ftarget2%3A0%3A0%2F2%3A0%3A0%3A0%2Fblock%2Fsda%2Fdevice%2Fdriver%2F2%3A0%3A0%3A0%2Fscsi_generic%2Fsg0%2Fdevice%2Fbsg%2F2%3A0%3A0%3A0%2Fdevice%2Fscsi_disk%2F2%3A0%3A0%3A0%2Fsubsystem%2F2%3A0%3A0%3A0%2Fdevice%2Fblock%2Fsda%2Fsubsystem%2Floop7%2Fsubsystem%2Floop2%2Fbdi%2Fsubsystem%2F7%3A3%2Fsubsystem%2F8%3A0%2Fsubsystem%2F7%3A7%2Fsubsystem%2F7%3A0
[Sat Feb 21 11:15:26.915707 2026] [security2:error] [pid 1933844:tid 1933844] [client 74.7.227.23:0] ModSecurity: collections_remove_stale: Failed to access DBM file "/var/cpanel/secdatadir/oneboxpk-ip": Permission denied [hostname "www.akcpa.onebox.pk"] [uri "/cgi-sys/ea-php83/d19b7f/index.php"] [unique_id "aZlNfmoVyMVcfJ9uH8akfwAAAAg"], referer: https://www.akcpa.onebox.pk/d19b7f/?path=%2F%2Fproc%2Fself%2Froot%2Fsys%2Fbus%2Fpci%2Fdrivers%2Fpiix4_smbus%2F0000%3A00%3A01.3%2Fsubsystem%2Fdevices%2F0000%3A00%3A01.3%2Fdriver%2F0000%3A00%3A01.3%2Fi2c-0%2Fdevice%2Fsubsystem%2Fdevices%2F0000%3A00%3A12.0%2Fdriver%2F0000%3A00%3A03.0%2Fdriver%2F0000%3A00%3A05.0%2Fvirtio1%2Fhost2%2Ftarget2%3A0%3A0%2F2%3A0%3A0%3A0%2Fblock%2Fsda%2Fdevice%2Fdriver%2F2%3A0%3A0%3A0%2Fscsi_generic%2Fsg0%2Fdevice%2Fbsg%2F2%3A0%3A0%3A0%2Fdevice%2Fscsi_disk%2F2%3A0%3A0%3A0%2Fsubsystem%2F2%3A0%3A0%3A0%2Fdevice%2Fblock%2Fsda%2Fsubsystem%2Floop7%2Fsubsystem%2Floop2%2Fbdi%2Fsubsystem%2F7%3A3%2Fsubsystem%2F8%3A0%2Fsubsystem%2F7%3A7%2Fsubsystem%2F7%3A0
[Sat Feb 21 11:15:48.151068 2026] [security2:error] [pid 1941889:tid 1941889] [client 65.52.160.249:0] ModSecurity: collections_remove_stale: Failed to access DBM file "/var/cpanel/secdatadir/hawkzhao-global": Permission denied [hostname "hawk-zhaotong.info"] [uri "/123.php"] [unique_id "aZlNlEyv4hZiX9Y80XXACAAAAAk"]
[Sat Feb 21 11:15:48.151168 2026] [security2:error] [pid 1941889:tid 1941889] [client 65.52.160.249:0] ModSecurity: collections_remove_stale: Failed to access DBM file "/var/cpanel/secdatadir/hawkzhao-ip": Permission denied [hostname "hawk-zhaotong.info"] [uri "/123.php"] [unique_id "aZlNlEyv4hZiX9Y80XXACAAAAAk"]
[Sat Feb 21 11:15:52.929515 2026] [security2:error] [pid 1926599:tid 1926599] [client 185.177.72.13:0] ModSecurity: Warning. String match within ".asa/ .asax/ .ascx/ .axd/ .backup/ .bak/ .bat/ .cdx/ .cer/ .cfg/ .cmd/ .com/ .config/ .conf/ .cs/ .csproj/ .csr/ .dat/ .db/ .dbf/ .dll/ .dos/ .htr/ .htw/ .ida/ .idc/ .idq/ .inc/ .ini/ .key/ .licx/ .lnk/ .log/ .mdb/ .old/ .pass/ .pdb/ .pol/ .printer/ .pwd/ .resources/ .resx/ .sql/ .sys/ .vb/ .vbs/ .vbproj/ .vsdisco/ .webinfo/ .xsd/ .xsx/" at TX:extension. [file "/etc/apache2/conf.d/modsec_vendor_configs/OWASP3/rules/REQUEST-920-PROTOCOL-ENFORCEMENT.conf"] [line "452"] [id "920440"] [rev "2"] [msg "URL file extension is restricted by policy"] [data ".ini"] [severity "CRITICAL"] [ver "OWASP_CRS/3.0.0"] [maturity "9"] [accuracy "9"] [tag "application-multi"] [tag "language-multi"] [tag "platform-multi"] [tag "attack-protocol"] [tag "OWASP_CRS/POLICY/EXT_RESTRICTED"] [tag "WASCTC/WASC-15"] [tag "OWASP_TOP_10/A7"] [tag "PCI/6.5.10"] [hostname "arcticairandrefrigeration.com"] [uri "/configs/application.ini"] [unique_id "aZlNmABA6wjZoL6uVnyvNAAAAAI"]
[Sat Feb 21 11:16:11.210344 2026] [security2:error] [pid 1931467:tid 1931467] [client 74.7.227.180:0] ModSecurity: collections_remove_stale: Failed to access DBM file "/var/cpanel/secdatadir/oneboxpk-global": Permission denied [hostname "akcpa.onebox.pk"] [uri "/cgi-sys/ea-php83/d19b7f/index.php"] [unique_id "aZlNq4XWYBQ8sX5nXL9fpgAAAAQ"], referer: https://akcpa.onebox.pk/d19b7f/?path=%2F%2Fproc%2Fself%2Froot%2Fsys%2Fbus%2Fpci%2Fdrivers%2Fpiix4_smbus%2F0000%3A00%3A01.3%2Fsubsystem%2Fdevices%2F0000%3A00%3A01.3%2Fdriver%2F0000%3A00%3A01.3%2Fdriver%2F0000%3A00%3A01.3%2Fi2c-0%2Fdevice%2Fdriver%2F0000%3A00%3A01.3%2Fi2c-0%2Fdevice%2Fsubsystem%2Fdevices%2F0000%3A00%3A05.0%2Fvirtio1%2Fhost2%2Ftarget2%3A0%3A0%2F2%3A0%3A0%3A0%2Fgeneric%2Fdevice%2Fbsg%2F2%3A0%3A0%3A0%2Fdevice%2Fgeneric%2Fdevice%2Fscsi_disk%2F2%3A0%3A0%3A0%2Fdevice%2Fdriver%2F2%3A0%3A0%3A0%2Fbsg%2F2%3A0%3A0%3A0%2Fdevice%2Fblock%2Fsda%2Fsda1%2Fsubsystem%2Fsda%2Fdevice%2Fblock%2Fsda%2Fdevice%2Fblock%2Fsda%2Fmq
[Sat Feb 21 11:16:11.210420 2026] [security2:error] [pid 1931467:tid 1931467] [client 74.7.227.180:0] ModSecurity: collections_remove_stale: Failed to access DBM file "/var/cpanel/secdatadir/oneboxpk-ip": Permission denied [hostname "akcpa.onebox.pk"] [uri "/cgi-sys/ea-php83/d19b7f/index.php"] [unique_id "aZlNq4XWYBQ8sX5nXL9fpgAAAAQ"], referer: https://akcpa.onebox.pk/d19b7f/?path=%2F%2Fproc%2Fself%2Froot%2Fsys%2Fbus%2Fpci%2Fdrivers%2Fpiix4_smbus%2F0000%3A00%3A01.3%2Fsubsystem%2Fdevices%2F0000%3A00%3A01.3%2Fdriver%2F0000%3A00%3A01.3%2Fdriver%2F0000%3A00%3A01.3%2Fi2c-0%2Fdevice%2Fdriver%2F0000%3A00%3A01.3%2Fi2c-0%2Fdevice%2Fsubsystem%2Fdevices%2F0000%3A00%3A05.0%2Fvirtio1%2Fhost2%2Ftarget2%3A0%3A0%2F2%3A0%3A0%3A0%2Fgeneric%2Fdevice%2Fbsg%2F2%3A0%3A0%3A0%2Fdevice%2Fgeneric%2Fdevice%2Fscsi_disk%2F2%3A0%3A0%3A0%2Fdevice%2Fdriver%2F2%3A0%3A0%3A0%2Fbsg%2F2%3A0%3A0%3A0%2Fdevice%2Fblock%2Fsda%2Fsda1%2Fsubsystem%2Fsda%2Fdevice%2Fblock%2Fsda%2Fdevice%2Fblock%2Fsda%2Fmq
[Sat Feb 21 11:16:30.131561 2026] [security2:error] [pid 1933844:tid 1933844] [client 185.177.72.13:0] ModSecurity: Warning. Matched phrase "/.env" at REQUEST_FILENAME. [file "/etc/apache2/conf.d/modsec_vendor_configs/OWASP3/rules/REQUEST-930-APPLICATION-ATTACK-LFI.conf"] [line "49"] [id "930130"] [rev "1"] [msg "Restricted File Access Attempt"] [data "Matched Data: /.env found within REQUEST_FILENAME: /sources/api/.env"] [severity "CRITICAL"] [ver "OWASP_CRS/3.0.0"] [maturity "7"] [accuracy "8"] [tag "application-multi"] [tag "language-multi"] [tag "platform-multi"] [tag "attack-lfi"] [tag "OWASP_CRS/WEB_ATTACK/FILE_INJECTION"] [tag "WASCTC/WASC-33"] [tag "OWASP_TOP_10/A4"] [tag "PCI/6.5.4"] [hostname "arcticairandrefrigeration.com"] [uri "/sources/api/.env"] [unique_id "aZlNvmoVyMVcfJ9uH8akrwAAAAg"]
[Sat Feb 21 11:16:30.576139 2026] [security2:error] [pid 1928316:tid 1928316] [client 65.52.160.249:0] ModSecurity: collections_remove_stale: Failed to access DBM file "/var/cpanel/secdatadir/hawkzhao-global": Permission denied [hostname "hawk-zhaotong.info"] [uri "/wp.php"] [unique_id "aZlNvmM-kOlwXmZZvLvZEAAAAAo"]
[Sat Feb 21 11:16:30.576190 2026] [security2:error] [pid 1928316:tid 1928316] [client 65.52.160.249:0] ModSecurity: collections_remove_stale: Failed to access DBM file "/var/cpanel/secdatadir/hawkzhao-ip": Permission denied [hostname "hawk-zhaotong.info"] [uri "/wp.php"] [unique_id "aZlNvmM-kOlwXmZZvLvZEAAAAAo"]
[Sat Feb 21 11:16:36.086797 2026] [security2:error] [pid 1933844:tid 1933844] [client 185.177.72.13:0] ModSecurity: Warning. Matched phrase "/.git/" at REQUEST_FILENAME. [file "/etc/apache2/conf.d/modsec_vendor_configs/OWASP3/rules/REQUEST-930-APPLICATION-ATTACK-LFI.conf"] [line "49"] [id "930130"] [rev "1"] [msg "Restricted File Access Attempt"] [data "Matched Data: /.git/ found within REQUEST_FILENAME: /api/.git/config"] [severity "CRITICAL"] [ver "OWASP_CRS/3.0.0"] [maturity "7"] [accuracy "8"] [tag "application-multi"] [tag "language-multi"] [tag "platform-multi"] [tag "attack-lfi"] [tag "OWASP_CRS/WEB_ATTACK/FILE_INJECTION"] [tag "WASCTC/WASC-33"] [tag "OWASP_TOP_10/A4"] [tag "PCI/6.5.4"] [hostname "arcticairandrefrigeration.com"] [uri "/api/.git/config"] [unique_id "aZlNxGoVyMVcfJ9uH8aksgAAAAg"]
[Sat Feb 21 11:16:50.592533 2026] [security2:error] [pid 1926599:tid 1926599] [client 185.177.72.13:0] ModSecurity: Warning. Matched phrase "/.git/" at REQUEST_FILENAME. [file "/etc/apache2/conf.d/modsec_vendor_configs/OWASP3/rules/REQUEST-930-APPLICATION-ATTACK-LFI.conf"] [line "49"] [id "930130"] [rev "1"] [msg "Restricted File Access Attempt"] [data "Matched Data: /.git/ found within REQUEST_FILENAME: /vendor/drupal/coder/.git/info/refs"] [severity "CRITICAL"] [ver "OWASP_CRS/3.0.0"] [maturity "7"] [accuracy "8"] [tag "application-multi"] [tag "language-multi"] [tag "platform-multi"] [tag "attack-lfi"] [tag "OWASP_CRS/WEB_ATTACK/FILE_INJECTION"] [tag "WASCTC/WASC-33"] [tag "OWASP_TOP_10/A4"] [tag "PCI/6.5.4"] [hostname "arcticairandrefrigeration.com"] [uri "/vendor/drupal/coder/.git/info/refs"] [unique_id "aZlN0gBA6wjZoL6uVnyvWgAAAAI"]
[Sat Feb 21 11:16:51.867218 2026] [security2:error] [pid 1928316:tid 1928316] [client 185.177.72.13:0] ModSecurity: Warning. Matched phrase "/.git/" at REQUEST_FILENAME. [file "/etc/apache2/conf.d/modsec_vendor_configs/OWASP3/rules/REQUEST-930-APPLICATION-ATTACK-LFI.conf"] [line "49"] [id "930130"] [rev "1"] [msg "Restricted File Access Attempt"] [data "Matched Data: /.git/ found within REQUEST_FILENAME: /vendor/drupal/coder/.git/info/exclude"] [severity "CRITICAL"] [ver "OWASP_CRS/3.0.0"] [maturity "7"] [accuracy "8"] [tag "application-multi"] [tag "language-multi"] [tag "platform-multi"] [tag "attack-lfi"] [tag "OWASP_CRS/WEB_ATTACK/FILE_INJECTION"] [tag "WASCTC/WASC-33"] [tag "OWASP_TOP_10/A4"] [tag "PCI/6.5.4"] [hostname "arcticairandrefrigeration.com"] [uri "/vendor/drupal/coder/.git/info/exclude"] [unique_id "aZlN02M-kOlwXmZZvLvZHQAAAAo"]
[Sat Feb 21 11:16:53.172000 2026] [security2:error] [pid 1942097:tid 1942097] [client 185.177.72.13:0] ModSecurity: Warning. Matched phrase "/.git/" at REQUEST_FILENAME. [file "/etc/apache2/conf.d/modsec_vendor_configs/OWASP3/rules/REQUEST-930-APPLICATION-ATTACK-LFI.conf"] [line "49"] [id "930130"] [rev "1"] [msg "Restricted File Access Attempt"] [data "Matched Data: /.git/ found within REQUEST_FILENAME: /vendor/drupal/coder/.git/objects/info"] [severity "CRITICAL"] [ver "OWASP_CRS/3.0.0"] [maturity "7"] [accuracy "8"] [tag "application-multi"] [tag "language-multi"] [tag "platform-multi"] [tag "attack-lfi"] [tag "OWASP_CRS/WEB_ATTACK/FILE_INJECTION"] [tag "WASCTC/WASC-33"] [tag "OWASP_TOP_10/A4"] [tag "PCI/6.5.4"] [hostname "arcticairandrefrigeration.com"] [uri "/vendor/drupal/coder/.git/objects/info"] [unique_id "aZlN1YZy3zgfuTKkxEXidgAAAAs"]
[Sat Feb 21 11:16:54.471934 2026] [security2:error] [pid 1931467:tid 1931467] [client 185.177.72.13:0] ModSecurity: Warning. Matched phrase "/.git/" at REQUEST_FILENAME. [file "/etc/apache2/conf.d/modsec_vendor_configs/OWASP3/rules/REQUEST-930-APPLICATION-ATTACK-LFI.conf"] [line "49"] [id "930130"] [rev "1"] [msg "Restricted File Access Attempt"] [data "Matched Data: /.git/ found within REQUEST_FILENAME: /vendor/drupal/coder/.git/objects/info/packs"] [severity "CRITICAL"] [ver "OWASP_CRS/3.0.0"] [maturity "7"] [accuracy "8"] [tag "application-multi"] [tag "language-multi"] [tag "platform-multi"] [tag "attack-lfi"] [tag "OWASP_CRS/WEB_ATTACK/FILE_INJECTION"] [tag "WASCTC/WASC-33"] [tag "OWASP_TOP_10/A4"] [tag "PCI/6.5.4"] [hostname "arcticairandrefrigeration.com"] [uri "/vendor/drupal/coder/.git/objects/info/packs"] [unique_id "aZlN1oXWYBQ8sX5nXL9fwAAAAAQ"]
[Sat Feb 21 11:16:54.728281 2026] [security2:error] [pid 1926602:tid 1926602] [client 98.84.107.99:0] ModSecurity: Warning. detected SQLi using libinjection with fingerprint 'n&1' [file "/etc/apache2/conf.d/modsec_vendor_configs/OWASP3/rules/REQUEST-942-APPLICATION-ATTACK-SQLI.conf"] [line "43"] [id "942100"] [rev "1"] [msg "SQL Injection Attack Detected via libinjection"] [data "Matched Data: n&1 found within REQUEST_COOKIES:rfqtk_wp_session_a26785922b3516fe627bab9726c66e43: d50fceb67037cfcc7a931b5047079fea||1774246612||1774354612"] [severity "CRITICAL"] [ver "OWASP_CRS/3.0.0"] [maturity "1"] [accuracy "8"] [tag "application-multi"] [tag "language-multi"] [tag "platform-multi"] [tag "attack-sqli"] [tag "OWASP_CRS/WEB_ATTACK/SQL_INJECTION"] [tag "WASCTC/WASC-19"] [tag "OWASP_TOP_10/A1"] [tag "OWASP_AppSensor/CIE1"] [tag "PCI/6.5.2"] [hostname "spotliteworld.com"] [uri "/"] [unique_id "aZlN1hHl2U-jS0ZSEvYCuQAAAAM"]
[Sat Feb 21 11:16:55.669581 2026] [security2:error] [pid 1941889:tid 1941889] [client 185.177.72.13:0] ModSecurity: Warning. String match within ".asa/ .asax/ .ascx/ .axd/ .backup/ .bak/ .bat/ .cdx/ .cer/ .cfg/ .cmd/ .com/ .config/ .conf/ .cs/ .csproj/ .csr/ .dat/ .db/ .dbf/ .dll/ .dos/ .htr/ .htw/ .ida/ .idc/ .idq/ .inc/ .ini/ .key/ .licx/ .lnk/ .log/ .mdb/ .old/ .pass/ .pdb/ .pol/ .printer/ .pwd/ .resources/ .resx/ .sql/ .sys/ .vb/ .vbs/ .vbproj/ .vsdisco/ .webinfo/ .xsd/ .xsx/" at TX:extension. [file "/etc/apache2/conf.d/modsec_vendor_configs/OWASP3/rules/REQUEST-920-PROTOCOL-ENFORCEMENT.conf"] [line "452"] [id "920440"] [rev "2"] [msg "URL file extension is restricted by policy"] [data ".log"] [severity "CRITICAL"] [ver "OWASP_CRS/3.0.0"] [maturity "9"] [accuracy "9"] [tag "application-multi"] [tag "language-multi"] [tag "platform-multi"] [tag "attack-protocol"] [tag "OWASP_CRS/POLICY/EXT_RESTRICTED"] [tag "WASCTC/WASC-15"] [tag "OWASP_TOP_10/A7"] [tag "PCI/6.5.10"] [hostname "arcticairandrefrigeration.com"] [uri "/info.log"] [unique_id "aZlN10yv4hZiX9Y80XXANgAAAAk"]
[Sat Feb 21 11:16:59.865829 2026] [security2:error] [pid 1926602:tid 1926602] [client 74.7.227.180:0] ModSecurity: collections_remove_stale: Failed to access DBM file "/var/cpanel/secdatadir/oneboxpk-global": Permission denied [hostname "akcpa.onebox.pk"] [uri "/cgi-sys/ea-php83/d19b7f/index.php"] [unique_id "aZlN2xHl2U-jS0ZSEvYCuwAAAAM"], referer: https://akcpa.onebox.pk/d19b7f/?path=%2F%2Fproc%2Fself%2Froot%2Fsys%2Fbus%2Fpci%2Fdrivers%2Fpiix4_smbus%2F0000%3A00%3A01.3%2Fsubsystem%2Fdevices%2F0000%3A00%3A01.3%2Fdriver%2F0000%3A00%3A01.3%2Fdriver%2F0000%3A00%3A01.3%2Fi2c-0%2Fdevice%2Fdriver%2F0000%3A00%3A01.3%2Fi2c-0%2Fdevice%2Fsubsystem%2Fdevices%2F0000%3A00%3A05.0%2Fvirtio1%2Fhost2%2Ftarget2%3A0%3A0%2F2%3A0%3A0%3A0%2Fgeneric%2Fdevice%2Fbsg%2F2%3A0%3A0%3A0%2Fdevice%2Fgeneric%2Fdevice%2Fscsi_disk%2F2%3A0%3A0%3A0%2Fdevice%2Fbsg%2F2%3A0%3A0%3A0%2Fsubsystem%2F2%3A0%3A0%3A0%2Fdevice%2Fblock%2Fsda%2Fsda3%2Fsubsystem%2Floop1%2Fsubsystem%2Fsda%2Fbdi
[Sat Feb 21 11:16:59.865937 2026] [security2:error] [pid 1926602:tid 1926602] [client 74.7.227.180:0] ModSecurity: collections_remove_stale: Failed to access DBM file "/var/cpanel/secdatadir/oneboxpk-ip": Permission denied [hostname "akcpa.onebox.pk"] [uri "/cgi-sys/ea-php83/d19b7f/index.php"] [unique_id "aZlN2xHl2U-jS0ZSEvYCuwAAAAM"], referer: https://akcpa.onebox.pk/d19b7f/?path=%2F%2Fproc%2Fself%2Froot%2Fsys%2Fbus%2Fpci%2Fdrivers%2Fpiix4_smbus%2F0000%3A00%3A01.3%2Fsubsystem%2Fdevices%2F0000%3A00%3A01.3%2Fdriver%2F0000%3A00%3A01.3%2Fdriver%2F0000%3A00%3A01.3%2Fi2c-0%2Fdevice%2Fdriver%2F0000%3A00%3A01.3%2Fi2c-0%2Fdevice%2Fsubsystem%2Fdevices%2F0000%3A00%3A05.0%2Fvirtio1%2Fhost2%2Ftarget2%3A0%3A0%2F2%3A0%3A0%3A0%2Fgeneric%2Fdevice%2Fbsg%2F2%3A0%3A0%3A0%2Fdevice%2Fgeneric%2Fdevice%2Fscsi_disk%2F2%3A0%3A0%3A0%2Fdevice%2Fbsg%2F2%3A0%3A0%3A0%2Fsubsystem%2F2%3A0%3A0%3A0%2Fdevice%2Fblock%2Fsda%2Fsda3%2Fsubsystem%2Floop1%2Fsubsystem%2Fsda%2Fbdi
[Sat Feb 21 11:17:02.576003 2026] [security2:error] [pid 1926783:tid 1926783] [client 185.177.72.13:0] ModSecurity: Warning. String match within ".asa/ .asax/ .ascx/ .axd/ .backup/ .bak/ .bat/ .cdx/ .cer/ .cfg/ .cmd/ .com/ .config/ .conf/ .cs/ .csproj/ .csr/ .dat/ .db/ .dbf/ .dll/ .dos/ .htr/ .htw/ .ida/ .idc/ .idq/ .inc/ .ini/ .key/ .licx/ .lnk/ .log/ .mdb/ .old/ .pass/ .pdb/ .pol/ .printer/ .pwd/ .resources/ .resx/ .sql/ .sys/ .vb/ .vbs/ .vbproj/ .vsdisco/ .webinfo/ .xsd/ .xsx/" at TX:extension. [file "/etc/apache2/conf.d/modsec_vendor_configs/OWASP3/rules/REQUEST-920-PROTOCOL-ENFORCEMENT.conf"] [line "452"] [id "920440"] [rev "2"] [msg "URL file extension is restricted by policy"] [data ".sql"] [severity "CRITICAL"] [ver "OWASP_CRS/3.0.0"] [maturity "9"] [accuracy "9"] [tag "application-multi"] [tag "language-multi"] [tag "platform-multi"] [tag "attack-protocol"] [tag "OWASP_CRS/POLICY/EXT_RESTRICTED"] [tag "WASCTC/WASC-15"] [tag "OWASP_TOP_10/A7"] [tag "PCI/6.5.10"] [hostname "arcticairandrefrigeration.com"] [uri "/module/info/include/mysql/phpcms_info.sql"] [unique_id "aZlN3sM5vNyyeo5gKbcUHAAAAAc"]
[Sat Feb 21 11:17:05.142930 2026] [security2:error] [pid 1926602:tid 1926602] [client 185.177.72.13:0] ModSecurity: Warning. String match within ".asa/ .asax/ .ascx/ .axd/ .backup/ .bak/ .bat/ .cdx/ .cer/ .cfg/ .cmd/ .com/ .config/ .conf/ .cs/ .csproj/ .csr/ .dat/ .db/ .dbf/ .dll/ .dos/ .htr/ .htw/ .ida/ .idc/ .idq/ .inc/ .ini/ .key/ .licx/ .lnk/ .log/ .mdb/ .old/ .pass/ .pdb/ .pol/ .printer/ .pwd/ .resources/ .resx/ .sql/ .sys/ .vb/ .vbs/ .vbproj/ .vsdisco/ .webinfo/ .xsd/ .xsx/" at TX:extension. [file "/etc/apache2/conf.d/modsec_vendor_configs/OWASP3/rules/REQUEST-920-PROTOCOL-ENFORCEMENT.conf"] [line "452"] [id "920440"] [rev "2"] [msg "URL file extension is restricted by policy"] [data ".bak"] [severity "CRITICAL"] [ver "OWASP_CRS/3.0.0"] [maturity "9"] [accuracy "9"] [tag "application-multi"] [tag "language-multi"] [tag "platform-multi"] [tag "attack-protocol"] [tag "OWASP_CRS/POLICY/EXT_RESTRICTED"] [tag "WASCTC/WASC-15"] [tag "OWASP_TOP_10/A7"] [tag "PCI/6.5.10"] [hostname "arcticairandrefrigeration.com"] [uri "/phpinfo.bak"] [unique_id "aZlN4RHl2U-jS0ZSEvYCvgAAAAM"]
[Sat Feb 21 11:17:13.020173 2026] [cgi:error] [pid 1928316:tid 1928316] [client 66.132.153.126:0] AH01215: stderr from /usr/local/cpanel/cgi-sys/suspendedpage.cgi: 403 (Forbidden): 403 Forbidden
[Sat Feb 21 11:17:13.020392 2026] [cgi:error] [pid 1928316:tid 1928316] [client 66.132.153.126:0] AH01215: stderr from /usr/local/cpanel/cgi-sys/suspendedpage.cgi: Executing in an invalid environment for the supplied user at /usr/local/cpanel/Cpanel/CGI/NoForm.pm line 157.
[Sat Feb 21 11:17:15.518066 2026] [security2:error] [pid 1926599:tid 1926599] [client 74.7.227.180:0] ModSecurity: collections_remove_stale: Failed to access DBM file "/var/cpanel/secdatadir/oneboxpk-global": Permission denied [hostname "akcpa.onebox.pk"] [uri "/cgi-sys/ea-php83/d19b7f/index.php"] [unique_id "aZlN6wBA6wjZoL6uVnyvZwAAAAI"], referer: https://akcpa.onebox.pk/d19b7f/?path=%2F%2Fproc%2Fself%2Froot%2Fsys%2Fbus%2Fpci%2Fdrivers%2Fpiix4_smbus%2F0000%3A00%3A01.3%2Fsubsystem%2Fdevices%2F0000%3A00%3A01.3%2Fdriver%2F0000%3A00%3A01.3%2Fdriver%2F0000%3A00%3A01.3%2Fi2c-0%2Fdevice%2Fdriver%2F0000%3A00%3A01.3%2Fi2c-0%2Fdevice%2Fsubsystem%2Fdevices%2F0000%3A00%3A05.0%2Fvirtio1%2Fhost2%2Ftarget2%3A0%3A0%2F2%3A0%3A0%3A0%2Fgeneric%2Fdevice%2Fbsg%2F2%3A0%3A0%3A0%2Fdevice%2Fgeneric%2Fdevice%2Fscsi_disk%2F2%3A0%3A0%3A0%2Fdevice%2Fdriver%2F2%3A0%3A0%3A0%2Fblock%2Fsda%2Fsubsystem%2Fsda%2Fbdi%2Fsubsystem%2F7%3A2%2Fsubsystem%2F7%3A3%2Fsubsystem%2F7%3A3%2Fsubsystem
[Sat Feb 21 11:17:15.518138 2026] [security2:error] [pid 1926599:tid 1926599] [client 74.7.227.180:0] ModSecurity: collections_remove_stale: Failed to access DBM file "/var/cpanel/secdatadir/oneboxpk-ip": Permission denied [hostname "akcpa.onebox.pk"] [uri "/cgi-sys/ea-php83/d19b7f/index.php"] [unique_id "aZlN6wBA6wjZoL6uVnyvZwAAAAI"], referer: https://akcpa.onebox.pk/d19b7f/?path=%2F%2Fproc%2Fself%2Froot%2Fsys%2Fbus%2Fpci%2Fdrivers%2Fpiix4_smbus%2F0000%3A00%3A01.3%2Fsubsystem%2Fdevices%2F0000%3A00%3A01.3%2Fdriver%2F0000%3A00%3A01.3%2Fdriver%2F0000%3A00%3A01.3%2Fi2c-0%2Fdevice%2Fdriver%2F0000%3A00%3A01.3%2Fi2c-0%2Fdevice%2Fsubsystem%2Fdevices%2F0000%3A00%3A05.0%2Fvirtio1%2Fhost2%2Ftarget2%3A0%3A0%2F2%3A0%3A0%3A0%2Fgeneric%2Fdevice%2Fbsg%2F2%3A0%3A0%3A0%2Fdevice%2Fgeneric%2Fdevice%2Fscsi_disk%2F2%3A0%3A0%3A0%2Fdevice%2Fdriver%2F2%3A0%3A0%3A0%2Fblock%2Fsda%2Fsubsystem%2Fsda%2Fbdi%2Fsubsystem%2F7%3A2%2Fsubsystem%2F7%3A3%2Fsubsystem%2F7%3A3%2Fsubsystem
[Sat Feb 21 11:17:16.270532 2026] [security2:error] [pid 1941889:tid 1941889] [client 51.75.151.149:0] ModSecurity: Warning. Matched phrase "/composer.json" at REQUEST_FILENAME. [file "/etc/apache2/conf.d/modsec_vendor_configs/OWASP3/rules/REQUEST-930-APPLICATION-ATTACK-LFI.conf"] [line "49"] [id "930130"] [rev "1"] [msg "Restricted File Access Attempt"] [data "Matched Data: /composer.json found within REQUEST_FILENAME: /wp-content/plugins/cidaas-pro-master/composer.json"] [severity "CRITICAL"] [ver "OWASP_CRS/3.0.0"] [maturity "7"] [accuracy "8"] [tag "application-multi"] [tag "language-multi"] [tag "platform-multi"] [tag "attack-lfi"] [tag "OWASP_CRS/WEB_ATTACK/FILE_INJECTION"] [tag "WASCTC/WASC-33"] [tag "OWASP_TOP_10/A4"] [tag "PCI/6.5.4"] [hostname "www.redpenguinit.com"] [uri "/wp-content/plugins/cidaas-pro-master/composer.json"] [unique_id "aZlN7Eyv4hZiX9Y80XXAQQAAAAk"]
[Sat Feb 21 11:17:25.102433 2026] [security2:error] [pid 1933844:tid 1933844] [client 74.7.227.180:0] ModSecurity: collections_remove_stale: Failed to access DBM file "/var/cpanel/secdatadir/oneboxpk-global": Permission denied [hostname "akcpa.onebox.pk"] [uri "/cgi-sys/ea-php83/d19b7f/index.php"] [unique_id "aZlN9WoVyMVcfJ9uH8akzwAAAAg"], referer: https://akcpa.onebox.pk/d19b7f/?path=%2F%2Fproc%2Fself%2Froot%2Fsys%2Fbus%2Fpci%2Fdrivers%2Fpiix4_smbus%2F0000%3A00%3A01.3%2Fsubsystem%2Fdevices%2F0000%3A00%3A01.3%2Fdriver%2F0000%3A00%3A01.3%2Fdriver%2F0000%3A00%3A01.3%2Fi2c-0%2Fdevice%2Fdriver%2F0000%3A00%3A01.3%2Fi2c-0%2Fdevice%2Fsubsystem%2Fdevices%2F0000%3A00%3A05.0%2Fvirtio1%2Fhost2%2Ftarget2%3A0%3A0%2F2%3A0%3A0%3A0%2Fgeneric%2Fdevice%2Fbsg%2F2%3A0%3A0%3A0%2Fdevice%2Fgeneric%2Fdevice%2Fscsi_disk%2F2%3A0%3A0%3A0%2Fdevice%2Fdriver%2F2%3A0%3A0%3A0%2Fblock%2Fsda%2Fbdi%2Fsubsystem%2F8%3A0%2Fsubsystem%2F7%3A0%2Fsubsystem%2F7%3A2%2Fsubsystem%2F7%3A3%2Fsubsystem
[Sat Feb 21 11:17:25.102530 2026] [security2:error] [pid 1933844:tid 1933844] [client 74.7.227.180:0] ModSecurity: collections_remove_stale: Failed to access DBM file "/var/cpanel/secdatadir/oneboxpk-ip": Permission denied [hostname "akcpa.onebox.pk"] [uri "/cgi-sys/ea-php83/d19b7f/index.php"] [unique_id "aZlN9WoVyMVcfJ9uH8akzwAAAAg"], referer: https://akcpa.onebox.pk/d19b7f/?path=%2F%2Fproc%2Fself%2Froot%2Fsys%2Fbus%2Fpci%2Fdrivers%2Fpiix4_smbus%2F0000%3A00%3A01.3%2Fsubsystem%2Fdevices%2F0000%3A00%3A01.3%2Fdriver%2F0000%3A00%3A01.3%2Fdriver%2F0000%3A00%3A01.3%2Fi2c-0%2Fdevice%2Fdriver%2F0000%3A00%3A01.3%2Fi2c-0%2Fdevice%2Fsubsystem%2Fdevices%2F0000%3A00%3A05.0%2Fvirtio1%2Fhost2%2Ftarget2%3A0%3A0%2F2%3A0%3A0%3A0%2Fgeneric%2Fdevice%2Fbsg%2F2%3A0%3A0%3A0%2Fdevice%2Fgeneric%2Fdevice%2Fscsi_disk%2F2%3A0%3A0%3A0%2Fdevice%2Fdriver%2F2%3A0%3A0%3A0%2Fblock%2Fsda%2Fbdi%2Fsubsystem%2F8%3A0%2Fsubsystem%2F7%3A0%2Fsubsystem%2F7%3A2%2Fsubsystem%2F7%3A3%2Fsubsystem
[Sat Feb 21 11:17:33.892714 2026] [security2:error] [pid 1933844:tid 1933844] [client 185.177.72.13:0] ModSecurity: Warning. Matched phrase "/.git/" at REQUEST_FILENAME. [file "/etc/apache2/conf.d/modsec_vendor_configs/OWASP3/rules/REQUEST-930-APPLICATION-ATTACK-LFI.conf"] [line "49"] [id "930130"] [rev "1"] [msg "Restricted File Access Attempt"] [data "Matched Data: /.git/ found within REQUEST_FILENAME: /wp-content/.git/config"] [severity "CRITICAL"] [ver "OWASP_CRS/3.0.0"] [maturity "7"] [accuracy "8"] [tag "application-multi"] [tag "language-multi"] [tag "platform-multi"] [tag "attack-lfi"] [tag "OWASP_CRS/WEB_ATTACK/FILE_INJECTION"] [tag "WASCTC/WASC-33"] [tag "OWASP_TOP_10/A4"] [tag "PCI/6.5.4"] [hostname "arcticairandrefrigeration.com"] [uri "/wp-content/.git/config"] [unique_id "aZlN_WoVyMVcfJ9uH8ak1gAAAAg"]
[Sat Feb 21 11:17:35.153676 2026] [security2:error] [pid 1941889:tid 1941889] [client 185.177.72.13:0] ModSecurity: Warning. Matched phrase "/.git/" at REQUEST_FILENAME. [file "/etc/apache2/conf.d/modsec_vendor_configs/OWASP3/rules/REQUEST-930-APPLICATION-ATTACK-LFI.conf"] [line "49"] [id "930130"] [rev "1"] [msg "Restricted File Access Attempt"] [data "Matched Data: /.git/ found within REQUEST_FILENAME: /blog/wp-content/themes/.git/config"] [severity "CRITICAL"] [ver "OWASP_CRS/3.0.0"] [maturity "7"] [accuracy "8"] [tag "application-multi"] [tag "language-multi"] [tag "platform-multi"] [tag "attack-lfi"] [tag "OWASP_CRS/WEB_ATTACK/FILE_INJECTION"] [tag "WASCTC/WASC-33"] [tag "OWASP_TOP_10/A4"] [tag "PCI/6.5.4"] [hostname "arcticairandrefrigeration.com"] [uri "/blog/wp-content/themes/.git/config"] [unique_id "aZlN_0yv4hZiX9Y80XXATQAAAAk"]
[Sat Feb 21 11:17:35.885299 2026] [security2:error] [pid 1933844:tid 1933844] [client 45.148.10.238:0] ModSecurity: Warning. Matched phrase "/.env" at REQUEST_FILENAME. [file "/etc/apache2/conf.d/modsec_vendor_configs/OWASP3/rules/REQUEST-930-APPLICATION-ATTACK-LFI.conf"] [line "49"] [id "930130"] [rev "1"] [msg "Restricted File Access Attempt"] [data "Matched Data: /.env found within REQUEST_FILENAME: /.env"] [severity "CRITICAL"] [ver "OWASP_CRS/3.0.0"] [maturity "7"] [accuracy "8"] [tag "application-multi"] [tag "language-multi"] [tag "platform-multi"] [tag "attack-lfi"] [tag "OWASP_CRS/WEB_ATTACK/FILE_INJECTION"] [tag "WASCTC/WASC-33"] [tag "OWASP_TOP_10/A4"] [tag "PCI/6.5.4"] [hostname "mrxdt.com"] [uri "/.env"] [unique_id "aZlN_2oVyMVcfJ9uH8ak1wAAAAg"]
[Sat Feb 21 11:17:35.986107 2026] [security2:error] [pid 1926599:tid 1926599] [client 45.148.10.238:0] ModSecurity: Warning. Matched phrase "/.env" at REQUEST_FILENAME. [file "/etc/apache2/conf.d/modsec_vendor_configs/OWASP3/rules/REQUEST-930-APPLICATION-ATTACK-LFI.conf"] [line "49"] [id "930130"] [rev "1"] [msg "Restricted File Access Attempt"] [data "Matched Data: /.env found within REQUEST_FILENAME: /.env.live"] [severity "CRITICAL"] [ver "OWASP_CRS/3.0.0"] [maturity "7"] [accuracy "8"] [tag "application-multi"] [tag "language-multi"] [tag "platform-multi"] [tag "attack-lfi"] [tag "OWASP_CRS/WEB_ATTACK/FILE_INJECTION"] [tag "WASCTC/WASC-33"] [tag "OWASP_TOP_10/A4"] [tag "PCI/6.5.4"] [hostname "mrxdt.com"] [uri "/.env.live"] [unique_id "aZlN_wBA6wjZoL6uVnyvcwAAAAI"]
[Sat Feb 21 11:17:36.556372 2026] [security2:error] [pid 1933844:tid 1933844] [client 45.148.10.238:0] ModSecurity: Audit log: Failed to create subdirectories: /etc/apache2/logs/modsec_audit/mrxdt/20260221/20260221-1117 (Permission denied) [hostname "mrxdt.com"] [uri "/index.php"] [unique_id "aZlN_2oVyMVcfJ9uH8ak1wAAAAg"]
[Sat Feb 21 11:17:36.562213 2026] [security2:error] [pid 1926599:tid 1926599] [client 45.148.10.238:0] ModSecurity: Audit log: Failed to create subdirectories: /etc/apache2/logs/modsec_audit/mrxdt/20260221/20260221-1117 (Permission denied) [hostname "mrxdt.com"] [uri "/index.php"] [unique_id "aZlN_wBA6wjZoL6uVnyvcwAAAAI"]
[Sat Feb 21 11:17:36.609351 2026] [security2:error] [pid 1935147:tid 1935147] [client 185.177.72.13:0] ModSecurity: Warning. Matched phrase "/.git/" at REQUEST_FILENAME. [file "/etc/apache2/conf.d/modsec_vendor_configs/OWASP3/rules/REQUEST-930-APPLICATION-ATTACK-LFI.conf"] [line "49"] [id "930130"] [rev "1"] [msg "Restricted File Access Attempt"] [data "Matched Data: /.git/ found within REQUEST_FILENAME: /wp-content/themes/.git/config"] [severity "CRITICAL"] [ver "OWASP_CRS/3.0.0"] [maturity "7"] [accuracy "8"] [tag "application-multi"] [tag "language-multi"] [tag "platform-multi"] [tag "attack-lfi"] [tag "OWASP_CRS/WEB_ATTACK/FILE_INJECTION"] [tag "WASCTC/WASC-33"] [tag "OWASP_TOP_10/A4"] [tag "PCI/6.5.4"] [hostname "arcticairandrefrigeration.com"] [uri "/wp-content/themes/.git/config"] [unique_id "aZlOAF7N2x2Af1vETfMldgAAAAU"]
[Sat Feb 21 11:17:37.663787 2026] [security2:error] [pid 1931467:tid 1931467] [client 45.148.10.238:0] ModSecurity: Warning. Matched phrase "/.env" at REQUEST_FILENAME. [file "/etc/apache2/conf.d/modsec_vendor_configs/OWASP3/rules/REQUEST-930-APPLICATION-ATTACK-LFI.conf"] [line "49"] [id "930130"] [rev "1"] [msg "Restricted File Access Attempt"] [data "Matched Data: /.env found within REQUEST_FILENAME: /.env.production"] [severity "CRITICAL"] [ver "OWASP_CRS/3.0.0"] [maturity "7"] [accuracy "8"] [tag "application-multi"] [tag "language-multi"] [tag "platform-multi"] [tag "attack-lfi"] [tag "OWASP_CRS/WEB_ATTACK/FILE_INJECTION"] [tag "WASCTC/WASC-33"] [tag "OWASP_TOP_10/A4"] [tag "PCI/6.5.4"] [hostname "mrxdt.com"] [uri "/.env.production"] [unique_id "aZlOAYXWYBQ8sX5nXL9f3AAAAAQ"]
[Sat Feb 21 11:17:37.683775 2026] [security2:error] [pid 1941889:tid 1941889] [client 45.148.10.238:0] ModSecurity: Warning. Matched phrase "/.env" at REQUEST_FILENAME. [file "/etc/apache2/conf.d/modsec_vendor_configs/OWASP3/rules/REQUEST-930-APPLICATION-ATTACK-LFI.conf"] [line "49"] [id "930130"] [rev "1"] [msg "Restricted File Access Attempt"] [data "Matched Data: /.env found within REQUEST_FILENAME: /crm/.env"] [severity "CRITICAL"] [ver "OWASP_CRS/3.0.0"] [maturity "7"] [accuracy "8"] [tag "application-multi"] [tag "language-multi"] [tag "platform-multi"] [tag "attack-lfi"] [tag "OWASP_CRS/WEB_ATTACK/FILE_INJECTION"] [tag "WASCTC/WASC-33"] [tag "OWASP_TOP_10/A4"] [tag "PCI/6.5.4"] [hostname "mrxdt.com"] [uri "/crm/.env"] [unique_id "aZlOAUyv4hZiX9Y80XXATwAAAAk"]
[Sat Feb 21 11:17:37.698932 2026] [security2:error] [pid 1926783:tid 1926783] [client 45.148.10.238:0] ModSecurity: Warning. Matched phrase "/.env" at REQUEST_FILENAME. [file "/etc/apache2/conf.d/modsec_vendor_configs/OWASP3/rules/REQUEST-930-APPLICATION-ATTACK-LFI.conf"] [line "49"] [id "930130"] [rev "1"] [msg "Restricted File Access Attempt"] [data "Matched Data: /.env found within REQUEST_FILENAME: /.env.prod"] [severity "CRITICAL"] [ver "OWASP_CRS/3.0.0"] [maturity "7"] [accuracy "8"] [tag "application-multi"] [tag "language-multi"] [tag "platform-multi"] [tag "attack-lfi"] [tag "OWASP_CRS/WEB_ATTACK/FILE_INJECTION"] [tag "WASCTC/WASC-33"] [tag "OWASP_TOP_10/A4"] [tag "PCI/6.5.4"] [hostname "mrxdt.com"] [uri "/.env.prod"] [unique_id "aZlOAcM5vNyyeo5gKbcUMAAAAAc"]
[Sat Feb 21 11:17:37.854697 2026] [security2:error] [pid 1940612:tid 1940612] [client 185.177.72.13:0] ModSecurity: Warning. Matched phrase "/.git/" at REQUEST_FILENAME. [file "/etc/apache2/conf.d/modsec_vendor_configs/OWASP3/rules/REQUEST-930-APPLICATION-ATTACK-LFI.conf"] [line "49"] [id "930130"] [rev "1"] [msg "Restricted File Access Attempt"] [data "Matched Data: /.git/ found within REQUEST_FILENAME: /wp-content/plugins/.git/config"] [severity "CRITICAL"] [ver "OWASP_CRS/3.0.0"] [maturity "7"] [accuracy "8"] [tag "application-multi"] [tag "language-multi"] [tag "platform-multi"] [tag "attack-lfi"] [tag "OWASP_CRS/WEB_ATTACK/FILE_INJECTION"] [tag "WASCTC/WASC-33"] [tag "OWASP_TOP_10/A4"] [tag "PCI/6.5.4"] [hostname "arcticairandrefrigeration.com"] [uri "/wp-content/plugins/.git/config"] [unique_id "aZlOAd2_qyx-0h__vX2gggAAAAA"]
[Sat Feb 21 11:17:37.859687 2026] [security2:error] [pid 1933844:tid 1933844] [client 45.148.10.238:0] ModSecurity: Warning. Matched phrase "/.env" at REQUEST_FILENAME. [file "/etc/apache2/conf.d/modsec_vendor_configs/OWASP3/rules/REQUEST-930-APPLICATION-ATTACK-LFI.conf"] [line "49"] [id "930130"] [rev "1"] [msg "Restricted File Access Attempt"] [data "Matched Data: /.env found within REQUEST_FILENAME: /.env.bak"] [severity "CRITICAL"] [ver "OWASP_CRS/3.0.0"] [maturity "7"] [accuracy "8"] [tag "application-multi"] [tag "language-multi"] [tag "platform-multi"] [tag "attack-lfi"] [tag "OWASP_CRS/WEB_ATTACK/FILE_INJECTION"] [tag "WASCTC/WASC-33"] [tag "OWASP_TOP_10/A4"] [tag "PCI/6.5.4"] [hostname "mrxdt.com"] [uri "/.env.bak"] [unique_id "aZlOAWoVyMVcfJ9uH8ak2gAAAAg"]
[Sat Feb 21 11:17:38.095509 2026] [security2:error] [pid 1931467:tid 1931467] [client 45.148.10.238:0] ModSecurity: Audit log: Failed to create subdirectories: /etc/apache2/logs/modsec_audit/mrxdt/20260221/20260221-1117 (Permission denied) [hostname "mrxdt.com"] [uri "/index.php"] [unique_id "aZlOAYXWYBQ8sX5nXL9f3AAAAAQ"]
[Sat Feb 21 11:17:38.124303 2026] [security2:error] [pid 1941889:tid 1941889] [client 45.148.10.238:0] ModSecurity: Audit log: Failed to create subdirectories: /etc/apache2/logs/modsec_audit/mrxdt/20260221/20260221-1117 (Permission denied) [hostname "mrxdt.com"] [uri "/index.php"] [unique_id "aZlOAUyv4hZiX9Y80XXATwAAAAk"]
[Sat Feb 21 11:17:38.260566 2026] [security2:error] [pid 1926783:tid 1926783] [client 45.148.10.238:0] ModSecurity: Audit log: Failed to create subdirectories: /etc/apache2/logs/modsec_audit/mrxdt/20260221/20260221-1117 (Permission denied) [hostname "mrxdt.com"] [uri "/index.php"] [unique_id "aZlOAcM5vNyyeo5gKbcUMAAAAAc"]
[Sat Feb 21 11:17:38.392825 2026] [security2:error] [pid 1933844:tid 1933844] [client 45.148.10.238:0] ModSecurity: Audit log: Failed to create subdirectories: /etc/apache2/logs/modsec_audit/mrxdt/20260221/20260221-1117 (Permission denied) [hostname "mrxdt.com"] [uri "/index.php"] [unique_id "aZlOAWoVyMVcfJ9uH8ak2gAAAAg"]
[Sat Feb 21 11:17:39.193421 2026] [security2:error] [pid 1928316:tid 1928316] [client 185.177.72.13:0] ModSecurity: Warning. String match within ".asa/ .asax/ .ascx/ .axd/ .backup/ .bak/ .bat/ .cdx/ .cer/ .cfg/ .cmd/ .com/ .config/ .conf/ .cs/ .csproj/ .csr/ .dat/ .db/ .dbf/ .dll/ .dos/ .htr/ .htw/ .ida/ .idc/ .idq/ .inc/ .ini/ .key/ .licx/ .lnk/ .log/ .mdb/ .old/ .pass/ .pdb/ .pol/ .printer/ .pwd/ .resources/ .resx/ .sql/ .sys/ .vb/ .vbs/ .vbproj/ .vsdisco/ .webinfo/ .xsd/ .xsx/" at TX:extension. [file "/etc/apache2/conf.d/modsec_vendor_configs/OWASP3/rules/REQUEST-920-PROTOCOL-ENFORCEMENT.conf"] [line "452"] [id "920440"] [rev "2"] [msg "URL file extension is restricted by policy"] [data ".sql"] [severity "CRITICAL"] [ver "OWASP_CRS/3.0.0"] [maturity "9"] [accuracy "9"] [tag "application-multi"] [tag "language-multi"] [tag "platform-multi"] [tag "attack-protocol"] [tag "OWASP_CRS/POLICY/EXT_RESTRICTED"] [tag "WASCTC/WASC-15"] [tag "OWASP_TOP_10/A7"] [tag "PCI/6.5.10"] [hostname "arcticairandrefrigeration.com"] [uri "/wp-content/db.sql"] [unique_id "aZlOA2M-kOlwXmZZvLvZPwAAAAo"]
[Sat Feb 21 11:17:39.722288 2026] [authz_core:error] [pid 1926599:tid 1926599] [client 45.148.10.238:0] AH01630: client denied by server configuration: /home/mrxdt/public_html/wp-config.php
[Sat Feb 21 11:17:39.722378 2026] [negotiation:error] [pid 1926599:tid 1926599] [client 45.148.10.238:0] AH00687: Negotiation: discovered file(s) matching request: /home/mrxdt/public_html/wp-config (None could be negotiated).
